Suppose -41*y - 8775 = -43*y + 3*i, -4*y + 17555 = -i. List the prime factors of y.
3, 7, 11, 19
Suppose -2811*y + 7246 = -2810*y. What are the prime factors of y?
2, 3623
Let l = 271 - 285. What are the prime factors of (182/(-4))/((-147)/l - 11)?
7, 13
Let f(o) be the third derivative of o**4/8 + 59*o**3/6 + 1147*o**2. Suppose 55 = 5*n + 5*u, -8 - 3 = -n + 4*u. List the prime factors of f(n).
2, 23
Suppose -2*f + 18881 = g, 37*g - 42*g = 2*f - 94357. What are the prime factors of g?
18869
Let g(a) = -7056*a + 32. Let j be g(-3). Suppose -575 + j = 33*w. List the prime factors of w.
5
Let b(l) = l**2 - 10*l + 26. Let x be b(4). Suppose x*y - 10 = -10. Suppose y = -f - 13 + 90. List the prime factors of f.
7, 11
Let d = 34625 - 20670. What are the prime factors of d?
5, 2791
Let g(m) = m**2 + 3*m - 1. Suppose -2*i - z + 1 = 2, -3*i = z + 4. Let f be g(i). List the prime factors of 34 - f*(-4 + 5).
5, 7
Let q be (-7)/((-63)/(-12))*(-11952)/24. Suppose 929 + q = 3*n. What are the prime factors of n?
3, 59
What are the prime factors of (-287567)/(-42) + -8 - 2/(-12)?
7, 977
Let v = 5785 + -189. What are the prime factors of v?
2, 1399
Suppose -4*p + 304 = -4*t, -4*p - 3*t + 132 = -193. Suppose 0 = p*w - 85*w + 3072. List the prime factors of w.
2
Let l(q) = -2*q**2 - 13*q - 12. Let f be l(-5). Let z be 6 + (-1 - f) + 2. Suppose -5*u = x - 431, z*u - 2*x = -6*x + 348. What are the prime factors of u?
2, 43
Let q be 30/135 + (-770)/(-18). Suppose 3*j - i = q, -2*i = -2*j - 4*i + 18. Suppose 0 = j*m - 15*m + 540. List the prime factors of m.
2, 3, 5
Let l(t) = 77*t**2 - 55*t + 788. What are the prime factors of l(12)?
2, 701
Let l be (3 + 2)/(-1) + 1160/4. Suppose -2*c + 162 = 4*q, 3*c + c = 5*q + l. List the prime factors of c.
3, 5
Let r(o) be the second derivative of o**7/40 - o**6/240 + o**5/120 - 5*o**4/3 + 7*o. Let u(y) be the third derivative of r(y). List the prime factors of u(2).
13, 19
Let o(y) = -352*y**3 - 9*y**2 - 7*y + 6. Let t(r) = r**3 + 2*r**2 + r - 1. Let b(c) = -o(c) - 5*t(c). List the prime factors of b(1).
347
Suppose 2*t - h - 277 = 227, 3*h = -3*t + 747. List the prime factors of t.
251
Let k = -12209 - -17190. What are the prime factors of k?
17, 293
Suppose 33566 = 2*q - 3*m, -2*q - 6996 = 2*m - 40582. What are the prime factors of q?
103, 163
Suppose 10*d = -14 - 6. Let z(i) = -3*i. Let k be z(-6). List the prime factors of 1*((-64)/(-9) + d/k).
7
Let p(j) = j**3 - j**2 - j - 1. Let z(u) = 74*u**3 - 4*u**2 - 5*u - 6. Let l(d) = 4*p(d) - z(d). What are the prime factors of l(-1)?
71
Let k(i) = 12*i**3 + 9*i**2 + 14*i - 35. Let h be k(5). Suppose z = g + 592, -14*z + 17*z + 5*g - h = 0. List the prime factors of z.
2, 5, 59
What are the prime factors of 9345 - 30 - 4*1?
9311
Let f(n) = 4*n + 3. Let d be f(3). Suppose -d*p + 18*p = 0. What are the prime factors of (-24)/(-2 + 1) - (p + 1)?
23
Suppose -4 = -k + 2*c - 12, 5*k + 10 = 4*c. Let w be k/3 - (-6)/(-9). Suppose w = 2*z - 3*i - 103, -i = -2*i - 5. What are the prime factors of z?
2, 11
Let j(i) = -1039*i - 1178. List the prime factors of j(-12).
2, 5, 1129
Let p(f) = 9*f**2 - 5*f + 1. Let b be p(1). Suppose 5*o - 5147 = w, -b*o + 11*w + 5155 = 6*w. List the prime factors of o.
3, 7
Suppose -7*m + 101 = -4. List the prime factors of (19 - m) + (500/2 - 1).
11, 23
Let x(s) = -s - 18 + 0*s**2 + 5*s + 3*s**2 - 2*s**2. Let i be x(-7). Suppose 201 = i*a + 3*q, -3*a - 3*q = -5*a + 144. What are the prime factors of a?
3, 23
Suppose 85*i - 14894512 = -259*i. What are the prime factors of i?
2, 21649
Let r(f) = -f**3 + 7*f**2 + 4*f + 7. Let m be r(9). Suppose -w - 42 + 8 = 0. Let u = w - m. List the prime factors of u.
5, 17
Suppose 0 = -c - 5*m + 4*m + 2, -4*c + 4*m = -16. Let s(k) be the second derivative of 5*k**4/4 + 7*k**3/3 - k**2 + 252*k. List the prime factors of s(c).
5, 7
Suppose -23*a = 16*a - 23*a - 304912. What are the prime factors of a?
17, 19, 59
What are the prime factors of (-86255)/90*-2 - (-7 - 183/(-27))?
3, 71
Suppose -23395 = -7*g + 39374. What are the prime factors of g?
3, 7, 61
Suppose 3*o = 2*o - 2542. Let m be o/18 + (-8)/(-36). Let t = m + 205. List the prime factors of t.
2
Let a = 4 + 1. Suppose -h - a*r + 96 = 0, -3*h = -0*h + r - 274. Let i = -38 + h. What are the prime factors of i?
53
Let p be 128/48*(-81)/6. Let s be -40*(2/10 + 1). List the prime factors of (-1 + 238/4)*s/p.
2, 3, 13
Let n(v) be the third derivative of -13/3*v**3 + 0 + 13/12*v**4 + 10*v**2 + 0*v. What are the prime factors of n(7)?
2, 3, 13
Suppose -7*v + 6*v = 98. Let f be ((-70)/v)/(1/7). Suppose -436 = -f*m + 254. List the prime factors of m.
2, 3, 23
Let x be (-5)/((-5)/12) + 4. Suppose x*t - 1119 = 13*t. List the prime factors of t.
373
Suppose 103 + 3703 = 11*i. Let h = i - 1124. What are the prime factors of (h/(-8) - (-2)/8)*2?
3, 5, 13
Let b = -3 - -10. Suppose b*j - 298 - 178 = 0. Suppose 4*q = -o + j, 3*o - 3*q - 36 = 138. List the prime factors of o.
2, 3, 5
Let u = 365 - 518. Let p = u - 251. Let x = 607 + p. List the prime factors of x.
7, 29
Let w be 329/28 + 2/8. Let o be 2/w + 68/24*289. Let v = -574 + o. List the prime factors of v.
5, 7
List the prime factors of 29/((-290)/(-100))*194/4.
5, 97
Let v(a) = -234*a - 3. Let x(d) = d. Let m(c) = -2*v(c) + 18*x(c). Let n be m(1). Suppose 5*b = b + n. What are the prime factors of b?
3, 41
Suppose -3*m - 2*z + 30145 = 0, -133*z + 138*z - 40177 = -4*m. List the prime factors of m.
3, 1117
List the prime factors of (34485 - -10) + -6 + -7 + 5.
34487
Suppose -4*v + 17*o = 13*o - 664, -4*v + o = -658. Let x(k) = k**3 - k**2 - 2. Let d be x(2). Suppose -58 + v = d*p. List the prime factors of p.
53
Suppose -24 = -9*a - 78. Let u(q) = 0*q**2 + 5 - 3 + q**2 + 0*q - q. List the prime factors of u(a).
2, 11
Let g = 117681 - 65594. What are the prime factors of g?
7, 1063
Let p(l) = 3*l**2 - 23*l - 96. Let y be p(21). Suppose 0 = 2*b + b - 4*z - 743, 0 = 3*b - 3*z - y. List the prime factors of b.
3, 83
Let k(c) = 13*c**2 - 3 - 14460*c + 2*c**2 + 14418*c. What are the prime factors of k(-9)?
2, 3, 5, 53
Let t = 252 - 132. Let o = 128 - t. List the prime factors of 241 - (-1)/(2 + (-14)/o).
5, 7
Let b(u) = 8*u**3 + u**2 + 3*u - 1. Let g be b(2). Let i = 13881 + -13756. Let r = i - g. List the prime factors of r.
2, 13
What are the prime factors of 16/(-832)*-804796 - (-6)/39?
3, 7, 11, 67
Suppose 2421 = -25*o + 112496. List the prime factors of o.
7, 17, 37
Let c(x) = x**3 - 44*x**2 + 31*x - 793. What are the prime factors of c(44)?
571
List the prime factors of (9 - 73073)*14/(-28).
2, 9133
Let i(h) = 2*h + 2. Let l be i(-1). Suppose l = 4*o - 3*g - 20, -3*g = -o + 2*g + 5. Suppose -5*t + 76 = -t + 2*j, -o*t + 85 = 5*j. List the prime factors of t.
3, 7
Suppose 3*z - 78 - 68 = -2*k, 5*z = 3*k - 181. Suppose -2*w - k + 10 = -5*u, -4*u + 42 = 2*w. Let g = 12 + u. What are the prime factors of g?
23
Suppose -3*n = -2*a - a - 18, -5*a - n = 12. What are the prime factors of (-440)/(-16)*((-177)/(-15) + a)?
2, 11
Let a = -17 - -19. Suppose a*m + 177 = f, -5*f + 9*f + 4*m - 684 = 0. List the prime factors of f.
173
Suppose -z + 4 = -w, 2*z - 22*w + 18*w - 6 = 0. Suppose z*l + 2*g = 954, l - 3*l + g = -387. What are the prime factors of l?
2, 3
Suppose 14*o - 9*o = -5. Let u be (-41 + (-5 - -4))*o. Suppose 3*b + 5*x + 38 = 7*b, 4*b = 3*x + u. List the prime factors of b.
2, 3
Let q(g) = 2*g**2 - 6*g - 6. Suppose 0 = 6*s - s + 15, -3*x + 5*s = -162. Suppose 12*k + x = 1. List the prime factors of q(k).
2, 5
Suppose 3*u + 73 = 4*g, -4*g - u = -2*u - 67. What are the prime factors of g*(5 + (-1302)/(-24))?
2, 3, 79
Suppose 3236 = 3*t - 5*q - 7774, 5*t - 2*q - 18312 = 0. What are the prime factors of t?
2, 3, 5, 61
Suppose 7*y - 4 - 10 = 0. Suppose -y*a - 3*m + 673 = 0, 0 = -3*m + 3 - 12. List the prime factors of a.
11, 31
Suppose 0 = -2*b - 2*b. Suppose 2*j + 14 - 18 = b. Suppose 0 = j*y + 3 + 1, 3*g - 131 = -2*y. List the prime factors of g.
3, 5
Suppose 4*l + 239 = 3*u + 1725, -3*u - 2*l - 1462 = 0. Let x = u + 721. List the prime factors of x.
3, 7, 11
Let c(k) = k**3 - 3*k**2 - 13*k + 5. Let s(f) = f**2 + 14*f - 45. Let g be s(-17). Let y be c(g). Suppose 3*n = 533 - y. List the prime factors of n.
2, 83
Let n(m) = -2482*m